et r(a) = -a + 6. Let y = -2 + -3. Let j(z) = y*g(z) + r(z). Calculate j(-1).
-3
Let g(v) = -16*v + 53. Let x be g(3). Let z(l) = l**2 - 2*l - 6. Calculate z(x).
9
Let c = -2977 - -2983. Let s(f) = 3 - 3*f**2 + 4*f + f**2 + f**2. What is s(c)?
-9
Let y(x) = -720*x**2 + 359*x**2 - 9*x + 359*x**2. Calculate y(-6).
-18
Let v(s) be the third derivative of s**5/12 - 7*s**2. Let u(b) = -b**2 - 1 + 5*b**2 - 4*b - 3*b**2. Let y be u(4). Calculate v(y).
5
Let y(p) = 4*p - 4. Suppose 67 = 27*c - 68. Give y(c).
16
Let s(x) = -3*x + 4. Suppose 0 = -28*f + 30*f - 6. Determine s(f).
-5
Suppose -4*r - 3*v + 21 = 0, 10 + 9 = 3*r - v. Let i(p) = 3*p**2 + 0*p**2 - 7*p + 5 + 2*p. Let y(f) = f**2 + f + 1. Let w(t) = -i(t) + 2*y(t). Calculate w(r).
3
Let j(b) = 5*b**3 - 431*b - 2*b**3 + 423*b + 7*b**2 - 7 - 4*b**3. Give j(3).
5
Let t(h) = 5*h**2 + 18*h + 3. Let s(a) = 4*a**2 + 14*a + 2. Let i(o) = -4*s(o) + 3*t(o). Give i(2).
-7
Let d(m) be the first derivative of -5*m**2/2 - 3*m - 23. Suppose 6 = -35*r + 33*r. What is d(r)?
12
Let w(u) be the second derivative of 0 - 5/6*u**3 - 57*u - 7/2*u**2 + 1/12*u**4. Let g(t) = t. Let l be g(6). Determine w(l).
-1
Let a(r) = -16 - 312*r - 3 + r**2 + 303*r. Calculate a(11).
3
Let s(p) = -p**2 - 1. Let x(k) = k**2 + 13*k + 8. Let r = -85 - -83. Let a(i) = r*s(i) - x(i). Calculate a(13).
-6
Suppose -4*q + 42 = -10*q. Let w(k) = 4*k**2 + 3*k + 2. Let c(a) = 3*a**2 + 4*a + 3. Let l(p) = -3*c(p) + 2*w(p). Give l(q).
-12
Suppose 0 = -2*z - 2 + 6. Suppose -16 - z = -3*l. Let w(o) = o - 4 - 3*o + 0*o. What is w(l)?
-16
Let u(k) = k**3 - 4*k - 1. Let d(a) = a**2 + a. Let y(h) = -3*d(h) - u(h). Suppose 15 = 5*b - 5. Suppose -2*m = 2*g + 2 - b, -25 = 3*m - 4*g. Give y(m).
-2
Let h(l) = -l**3 + 9*l**2 - 6. Let w(g) = g**2 - 15*g + 18. Let t be w(15). Let f(q) = q**2 - 20*q + 45. Let v be f(t). What is h(v)?
-6
Let y(k) = 6*k - 5. Let r(g) = 5*g - 3. Let x(n) = 7*r(n) - 6*y(n). Calculate x(-4).
13
Let q(s) = s + 1. Suppose 55 = 3*f + 13. Suppose -9 = -3*z + 3*h, 2*z + h + f = -h. Let o be 1 + 2 + (-3 - z). Determine q(o).
3
Let r(f) = f - f**3 - 182*f**2 + 58*f**2 + 12 + 61*f**2 + 50*f**2. Give r(-13).
-1
Let n(l) = l**3 - 13*l**2 + 17*l + 2. Let b(c) = 2*c**3 - 24*c**2 + 30*c + 4. Let q(z) = 4*b(z) - 7*n(z). Calculate q(5).
7
Suppose 0 = -7*b + b. Let l be b + 3 + 0 + 5. Let x(u) = l*u + 3 + 0 + 1 + 0 + u**2. Calculate x(-8).
4
Let n(p) = -p**3 + 18*p**2 + 2*p - 36. Let a(l) = l**3 - 2*l**2 + 6*l + 18. Let h be a(0). Give n(h).
0
Let v(j) be the third derivative of -j**4/6 - j**3/6 - 19*j**2 + 6*j. Determine v(2).
-9
Let g be -1 - 1 - (0 - 10). Let n(k) = -g + 6*k**2 + k**3 + 14 - 4. Determine n(-6).
2
Let v(g) be the first derivative of -g**5/60 + 13*g**4/24 - 3*g**3/2 - 21*g**2/2 + 5. Let b(u) be the second derivative of v(u). What is b(9)?
27
Suppose -39*w + 14 = -32*w. Let d(j) = j + 225 + 4*j**w - 5*j**2 + j**3 - 232. Determine d(0).
-7
Suppose 3*q - 6 = 0, -q + 3 = -3*l + 2*q. Let c be (0 - 0)*(l + -2). Let f(p) = 3 - 3 - 2 + p - 4. Determine f(c).
-6
Let j(p) = p**3 + 6*p**2 - 6*p + 5. Suppose 10 = 5*v - 3*c, 0 = -3*v + c + 3*c - 5. Suppose 0*r = -v*h + 2*r - 39, -3*r = -h - 13. Calculate j(h).
-2
Let u(w) be the first derivative of -3*w**4/4 + w**3/6 + 23*w**2/2 + 11. Let f(x) be the second derivative of u(x). What is f(1)?
-17
Let w be (-5)/3 - (-2)/(-6). Let b(x) be the first derivative of -x**3 - 57*x + 53. Let c(f) be the first derivative of b(f). Calculate c(w).
12
Suppose -p = l - 5*l - 15, 5*p = 2*l + 3. Let v be (2 + -8 - -2)*p. Let y(w) = -w**3 + 5*w**2 + 3*w - 4. Calculate y(v).
24
Suppose -4 = -l - 1. Suppose 10 = 2*d + l*d. Let c(b) = -3*b**2 + 8*b - 3. Let i(j) = -j**2 + 3*j - 1. Let s(a) = 3*c(a) - 8*i(a). Calculate s(d).
-5
Let l be (-12)/18*15/(-35)*-7. Let i(a) = -a**3 - 2*a**2 - 4*a - 5. Give i(l).
3
Let r(i) be the third derivative of i**6/120 + i**5/10 + i**4/4 - i**3/3 - 57*i**2. What is r(-5)?
-7
Let l(i) = 39*i**3 - 21*i**2 - 12*i - 11. Let d(j) = -7*j**3 + 4*j**2 + 2*j + 2. Let g(c) = -11*d(c) - 2*l(c). Calculate g(2).
-12
Suppose -2*z - 2*r = -7*z + 186, -5*z + 177 = r. Let l = -41 + z. Let t(i) = -i**2 - 4*i + 7. Give t(l).
2
Let c(p) = -3*p + 8 + 5*p + 3*p. Let j(q) = -11*q - 16. Let h(a) = -9*c(a) - 4*j(a). Suppose -x + 33 = -4*z, 2*z + 34 = 4*x - 0. What is h(z)?
-1
Let d(a) = 2*a - 1. Let g(l) = -9*l - 16. Let k(x) = -4*d(x) - g(x). Give k(-18).
2
Let l = 7 + -5. Suppose -l*v + 6 = -2. Let y(t) = -t**2 + 17*t + 9*t + 0*t**2 + 9*t + 4 - 32*t. Calculate y(v).
0
Let p be 1/(-1*7/49). Let r(h) = h + 15. What is r(p)?
8
Let s(u) = 14 - u + 12 - 39 + 13. Suppose -3*i = -5*i - 2, 0 = 5*l + 5*i + 20. Determine s(l).
3
Let v(u) = 8*u - 7. Let g(s) = -2*s**3 - 7*s**2 + 3*s - 4. Let z be g(0). What is v(z)?
-39
Let b(s) = s. Let x(l) = -5*l - 4 - 10 + 15. Let y(u) = -2*b(u) - x(u). Determine y(-2).
-7
Suppose 5*v - 156 = v. Let s(p) = -v + 39 - p. Calculate s(6).
-6
Let y(j) = -3*j**3 + 5*j**2 - 10*j - 4. Let v be (-2 - 3/(-3)) + 3/(-1). Let o(a) = -2*a**3 + 5*a**2 - 9*a - 4. Let g(z) = v*o(z) + 3*y(z). Determine g(-6).
4
Let p be 3*412/12 + -4. Let r be 16/9 - (-22)/p. Let m(v) = 2 - 6*v + v + v + v**r. Determine m(5).
7
Suppose 570*v = 597*v + 135. Let x(c) = 1. Let l(z) = -z + 1. Let h(n) = -2*l(n) + 2*x(n). What is h(v)?
-10
Let h be -4 + 4 + 12/4. Suppose 4*k = h*j + 19, -5*j + 5*k - 18 - 12 = 0. Let f(c) = -c**2 - 4*c + 7. What is f(j)?
2
Let h(p) = 2 - 2 - p**2 - 7*p + 0 - 4. Suppose 53*t + 9*t + 434 = 0. Give h(t).
-4
Let m(w) = -6*w + 2. Let u be 44/10 - 4/10. Suppose -7 = -3*g + b, -u*g + 0 + 12 = -4*b. Let l(i) = -i. Let v(s) = g*l(s) - m(s). Give v(3).
10
Suppose 3*l = -0*l - 30. Let m = l + 12. Let w(k) = -1 - 33*k**m - 2*k - 30*k**2 + 65*k**2. Give w(-1).
3
Suppose 0 = 2*u + 3*u - 20. Let a(m) = 2 - m + 2 + u*m - 2*m. Suppose j = 2, 5*v = v - 3*j + 30. Calculate a(v).
10
Suppose -3*c = -c. Suppose 5*p = q - 11, 4*p + c*p = -3*q - 5. Let f(a) be the second derivative of -a**5/20 - a**4/12 - 547*a. Give f(p).
4
Suppose 0 = n + 3*n - 4, 5*n - 30 = -g. Let o = -32 + g. Let a(f) = -f**2 - 7*f - 9. Determine a(o).
-9
Let x = -71 + 75. Let w(r) = -32*r - x - 36*r + 69*r. Calculate w(3).
-1
Let c be (-2)/(-1)*3/6. Suppose 0*z = 4*t - 2*z - 32, -t = 4*z + c. Let p(x) = -x**2 + 7*x. Calculate p(t).
0
Suppose 5*l + 90 = 5*z, -5*l = -0*z + 4*z - 90. Suppose z = 4*g + g. Let m(n) = -4*n**2 + 3*n - 6 - 7*n**3 - 3*n**3 + 11*n**3. What is m(g)?
6
Let l(n) be the first derivative of n**4/4 + n**3 - 11*n**2/2 - 6*n + 326. Determine l(-5).
-1
Let y(x) be the second derivative of -x**5/20 - 7*x**4/12 - 4*x**2 + 4*x. What is y(-7)?
-8
Let a = -5 - -2. Let d = 40 - 37. Let z(r) = -25*r**2 + 41*r**2 + 4 - 19*r**2 - r**d + 2*r. Calculate z(a).
-2
Suppose -4 - 16 = -5*a. Let g(s) = -2*s**2 - s + a*s**2 + 0*s - 4*s**3 + 5*s**3. Suppose 7 = -5*r + 2*l - 4*l, 0 = -5*r - 5*l + 5. Determine g(r).
-6
Let i = 2157 - 2160. Let g(n) be the second derivative of -n**7/2520 - n**6/240 + n**5/40 + n**4/12 - n. Let q(b) be the third derivative of g(b). What is q(i)?
3
Let v(c) = -c**3 + c**2 - 2*c + 17. Suppose -2*p + 6 = -2*y, 2*y + 183 = -4*p + 195. Calculate v(y).
17
Let l(s) be the third derivative of s**5/120 - 5*s**4/8 - 8*s**3/3 - 9*s**2. Let h(g) be the first derivative of l(g). Determine h(9).
-6
Let a(f) = -3*f + 27. Let l be a(7). Suppose -5*y + 5*b = -25, -1 = 3*y + 5*b + 16. Let x(o) = 4 - o - y - 1. Determine x(l).
-4
Suppose 8 = -5*q - 4*d + 26, 0 = 5*q - 3*d - 4. Let i(u) = 5*u**q + 8*u - 76 + 80 - 6*u**2. Calculate i(9).
-5
Let g(c) be the first derivative of -c**7/840 - 7*c**6/360 - 7*c**5/120 - c**4/24 - c**3 - 4. Let q(t) be the third derivative of g(t). Calculate q(-6).
5
Let v(n) = n - 2. Let p = -12 - 3. Suppose -34*k = -32*k + 24. Let x = p - k. Calculate v(x).
-5
Suppose 4*s + 3*i - 2 = -6, -2*s = 3*i - 4. Let f(r) = 5*r + 2. Let m(z) = -51*z - 21. Let x(y) = s*m(y) - 42*f(y). What is x(1)?
-6
Let u(v) = 2*v**3 - 2*v**2. Suppose 0 = -5*q + 4*q + 2. Let t be ((-10)/(-2))/(4/4). Suppose c = 2*l - q, 18 = t*l + 4*c - 0*c. Determine u(l).
8
Let d(u) = 15 - 8*u**2 - 6 + 9*u**2 + 2*u + 3*u. Calculate d(-4).
5
Suppose -4*n = n + 3*z + 16, -5*z + 15 = 0. Let i(f) = -f**2 + f. Let u(a) = a**3 + 2*a**2 - 3*a + 3. L